{"id":141,"date":"2022-09-13T08:23:51","date_gmt":"2022-09-13T08:23:51","guid":{"rendered":"https:\/\/dekonfliktory.pl\/?post_type=product&#038;p=141"},"modified":"2022-09-13T08:51:07","modified_gmt":"2022-09-13T08:51:07","slug":"105-poczucie-wlasnej-wartosci","status":"publish","type":"product","link":"https:\/\/dekonfliktory.pl\/index.php\/produkt\/105-poczucie-wlasnej-wartosci\/","title":{"rendered":"#105 POCZUCIE W\u0141ASNEJ WARTO\u015aCI"},"content":{"rendered":"<p>Znajdziesz tu zdania pomagaj\u0105ce budowa\u0107 stabiln\u0105 samoocen\u0119 dziecka. Powinno je s\u0142ysze\u0107 codziennie.<\/p>\n","protected":false},"excerpt":{"rendered":"<p>Znajdziesz tu zdania pomagaj\u0105ce budowa\u0107 stabiln\u0105 samoocen\u0119 dziecka. Powinno je s\u0142ysze\u0107 codziennie.<\/p>\n","protected":false},"featured_media":140,"comment_status":"open","ping_status":"closed","template":"","meta":{"neve_meta_sidebar":"","neve_meta_container":"","neve_meta_enable_content_width":"off","neve_meta_content_width":100,"neve_meta_title_alignment":"","neve_meta_author_avatar":"","neve_post_elements_order":"","neve_meta_disable_header":"","neve_meta_disable_footer":"","neve_meta_disable_title":""},"product_cat":[19],"product_tag":[],"_links":{"self":[{"href":"https:\/\/dekonfliktory.pl\/index.php\/wp-json\/wp\/v2\/product\/141"}],"collection":[{"href":"https:\/\/dekonfliktory.pl\/index.php\/wp-json\/wp\/v2\/product"}],"about":[{"href":"https:\/\/dekonfliktory.pl\/index.php\/wp-json\/wp\/v2\/types\/product"}],"replies":[{"embeddable":true,"href":"https:\/\/dekonfliktory.pl\/index.php\/wp-json\/wp\/v2\/comments?post=141"}],"wp:featuredmedia":[{"embeddable":true,"href":"https:\/\/dekonfliktory.pl\/index.php\/wp-json\/wp\/v2\/media\/140"}],"wp:attachment":[{"href":"https:\/\/dekonfliktory.pl\/index.php\/wp-json\/wp\/v2\/media?parent=141"}],"wp:term":[{"taxonomy":"product_cat","embeddable":true,"href":"https:\/\/dekonfliktory.pl\/index.php\/wp-json\/wp\/v2\/product_cat?post=141"},{"taxonomy":"product_tag","embeddable":true,"href":"https:\/\/dekonfliktory.pl\/index.php\/wp-json\/wp\/v2\/product_tag?post=141"}],"curies":[{"name":"wp","href":"https:\/\/api.w.org\/{rel}","templated":true}]}}